
Let u(t) = -2*t + 1. Let a(k) = -k. Let f(s) = a(s) - u(s). Let q(o) = -o**3 + 2*o**2 + 9*o - 7. Let p(b) = -4*f(b) + q(b). What is p(3)?
3
Suppose -8*n + 12 = -4*n. Let u(t) = 2*t**2 + 0 - t + 1 - n*t**2 + 2*t**3. Let o = 6 - 5. Calculate u(o).
1
Suppose 0 = -4*v + 7*v - 6. Let f be -4 + v + -1 + -2. Let s(m) = 3*m + 5. What is s(f)?
-10
Suppose -10*x = -13*x. Let a(v) = v**3 - v - 6. Determine a(x).
-6
Let w be 31/(-7) + (-3)/(-7). Let n(o) = o**2 + 5*o - 5. Calculate n(w).
-9
Let n(z) = z**2 - 5*z + 4. Let m(u) = u - 1. Let y(a) = 4*m(a) + n(a). Let s be ((-16)/(-20))/(1/5). Suppose s = 3*g - g. Give y(g).
2
Let o(n) = n**3 + n**2 - 1. Suppose 2*t - 5 = 3. Suppose p + t*f - 1 = 3*f, 0 = -4*p + f + 4. Determine o(p).
1
Let t(v) be the second derivative of -1/4*v**4 + 0 + 1/10*v**5 + 1/2*v**3 - v - v**2. Let n(j) = j - 2. Let r be n(4). Give t(r).
8
Let m be ((-4)/(-16)*0)/(-2). Let i(w) = -3*w**3 - 5*w**2 + 0*w**3 + 2*w**3 - 4*w + m*w**3. Give i(-4).
0
Suppose 64 + 46 = -11*w. Let l(f) = -f**2 - 9*f + 4. Calculate l(w).
-6
Let g(v) be the third derivative of 0 + 1/10*v**5 - 2*v**2 + 0*v + 1/6*v**3 - 1/12*v**4. Suppose -4*w - 1 = 3*h + 4, -3*w - 6 = 0. What is g(h)?
5
Let h = 24 - 16. Let n = 7 - h. Let i(g) = 2*g**2 + 2*g + 1. Calculate i(n).
1
Let h(r) = -6 + 0 - 2*r + 3*r. Suppose 3*c - 16 = -7. Suppose 0 = -3*z - z - c*y + 9, 5*y = 4*z - 49. Calculate h(z).
0
Suppose d + 1 = 2*q, d = -3*q + 3*d + 1. Let g be (-3)/(6/(-10))*q. Let u(s) = s + 3. Determine u(g).
8
Suppose -29 = -3*l - 2. Let d(j) = -j**3 + 10*j**2 - 8*j - 8. Let w be d(l). Let t(v) = 4*v + 1. Give t(w).
5
Let q(k) be the first derivative of k**2/2 - 7*k + 2. Let x(h) = 2*h - 1. Let b be x(3). Suppose -3*t - 8 = 3*p + 2*t, 2*p = b*t + 28. Determine q(p).
-3
Suppose -3*v = v + 12. Let o(i) = i**3 + 2*i**2. What is o(v)?
-9
Let d(u) = u**2 + 6*u + 5. Let r = -1 + 2. Let z be (1 - r) + (-2 - -4). Let h be z*(-5)/(15/6). What is d(h)?
-3
Let v(i) = 3*i**2 - 1. Suppose o - 4 = -m, -5*m + 8 = -o - 0*m. What is v(o)?
11
Let p(s) be the first derivative of s**3/3 - s - 3. Let v(j) = j**3 + 11*j**2 - 13*j - 13. Let n be v(-12). Determine p(n).
0
Let k(i) be the second derivative of -7*i**5/20 - i**4/12 + i**3/6 + 2*i. Calculate k(1).
-7
Let c(j) = 2*j - 2. Suppose -l - 5*i = 14 + 12, 0 = 5*i + 25. Let b be l/(3 + 7/(-2)). Let x be c(b). Let d(n) = 3*n - 2. Calculate d(x).
4
Let j(l) be the first derivative of -l**3/3 + 7*l**2/2 - 8*l - 3. Give j(7).
-8
Let m = -19 + 13. Let q = m + 8. Let i(z) = q + 2*z**2 - 1 + 0 - 4*z. Calculate i(3).
7
Let a be (-6)/(-4)*(-4)/(-6). Let m be 1/(-2) + 10/4. Let y(s) = -s - s**m + s**2 + 1 + 3*s**2. Give y(a).
3
Let c(n) be the second derivative of n**4/12 + 5*n**3/6 + 5*n**2/2 - 4*n. Suppose 28 = -u + 5*u. Let y be 8/(-10)*(u + -2). Give c(y).
1
Let j(f) = -1 - 4*f**2 + 2*f - 8*f**2 + 3*f**2. Let o be (-4 - -2)/(6/(-3)). What is j(o)?
-8
Let c(o) = -o**2 + 6*o + 1. Let h(f) = -f**3 + 4*f**2 - 2*f - 3. Let s be h(3). Suppose -3*v + 2 + 4 = s. Suppose 3 + v = k. Determine c(k).
6
Let u(d) be the second derivative of -2*d - 1/2*d**3 + 1/2*d**2 + 0. What is u(1)?
-2
Suppose 3*k - 6 = 5*s, 2*s - 3*s = -4*k + 8. Let n(z) = -z**2 + z - 20. Give n(s).
-20
Let z(a) be the third derivative of -a**4/24 + 2*a**3/3 + a**2. Let s(h) = 1 - 4 + 0 - h**3 + 2*h**2 + 5*h. Let r be s(3). What is z(r)?
1
Let m(t) = 2*t**2 + t - 2. Suppose -3*s - 4*k - 2 = -8*k, -4 = 3*s - 5*k. Give m(s).
8
Suppose 2*l = l + 6. Let j(c) = 7*c**3 - 4*c**2 - 4. Let k(m) = -m**3 + 1. Suppose 3*p - 8*p = -5. Let g(s) = l*k(s) + p*j(s). What is g(4)?
2
Let j(z) = -33*z - 3 + 59*z - 27*z. Determine j(-4).
1
Suppose -2*z = 2*z - 12. Let l(m) = -2*m**2 - m**z - 3 - 5*m**2 - 5*m - m. Give l(-6).
-3
Let y(f) be the first derivative of f**4/4 - f**3 + f**2 - f - 4. Calculate y(3).
5
Suppose -43 = -5*j - 8. Suppose x - q = 6*x - 7, 3*x - 5*q = -j. Let l(d) = 12*d**3 - d. Give l(x).
11
Suppose 12 = 2*y + 4. Suppose -1 = 3*m - y. Let x(z) be the first derivative of -z**3 - z - 1. Calculate x(m).
-4
Let z(w) = w + 1. Suppose 19 - 1 = 2*t. Suppose t = -m - 2*m. Calculate z(m).
-2
Let q = -10 - -14. Let y(v) = q*v - 1 + 2*v**2 + v**3 - v**2 + 4*v**2 - 2. Determine y(-4).
-3
Suppose 5*g - 9 + 4 = 0. Let v = g + 0. Let l(n) = -n**3 - 2*n**2 + 2*n - 1. Give l(v).
-2
Let y(l) be the second derivative of l**4/12 - 2*l**3/3 + 3*l**2 - 2*l. What is y(4)?
6
Let t(v) = v**3 - 5*v**2 - 11. Let q(p) = -1. Let i(a) = 5*q(a) - t(a). Calculate i(5).
6
Let d(c) = c + 4*c**2 - 2*c**2 - 1 - 2*c**2 - c**2. Give d(-2).
-7
Let y(t) = t**3 + 4 + 3*t + 6*t**2 + 2*t - 3. Let u(x) = 3*x - 5. Let v(r) = 7*r - 10. Let c(n) = 5*u(n) - 2*v(n). Let f be c(0). Determine y(f).
1
Let c(w) be the second derivative of -w**5/20 - w**4/2 - w**3/6 + w**2/2 - 7*w. Calculate c(-6).
7
Let q(j) = -3*j. Suppose 4*k = k - 15. Give q(k).
15
Let i(l) = l**2 - 4*l + 5. Let w be (-5)/1*8/(-10). Determine i(w).
5
Let z(k) = 6 + 0*k**2 - 30*k + 23*k - k**2. Let x be -1 + 2 - 1 - 7. Give z(x).
6
Let s(g) = g**2 - 5*g + 3. Suppose k - 3*k - 2*r = -18, 3*r = 2*k + 7. Determine s(k).
-1
Let p(c) = -7*c + 1. Suppose -3*b = -2*b - 11. Let l = -10 + b. Determine p(l).
-6
Let x(h) = h**3 - 3*h**2 - 2*h + 1. Let w(l) = -4 + 1 - l**3 + 6*l + 5*l**2 - 2 - 2*l**2. Let m be w(4). Calculate x(m).
-5
Let p = 94 + -89. Let u(h) = h**3 - 5*h**2 - 4*h. Determine u(p).
-20
Suppose -3*v = d + 3, 4*v + d + 3 = -0*v. Let u(p) = p**3 - 8. Give u(v).
-8
Let k be ((-4)/6)/(2/(-15)). Let b(s) be the third derivative of 0 - s**2 + 0*s**3 - 1/60*s**k + 0*s - 5/24*s**4. Give b(-5).
0
Suppose 2*j - 2 = m, 4*m - j = -6*j + 18. Let d(q) be the first derivative of 2 - 1/2*q**m - q. Determine d(-4).
3
Let m be (3 - 1) + (2 - 3). Let x(f) be the third derivative of 2*f**5/15 + f**2. Determine x(m).
8
Suppose 19*v - 43*v - 96 = 0. Let g(j) be the third derivative of j**2 + 0*j**4 + 5/6*j**3 - 1/120*j**6 + 0 + 0*j - 1/12*j**5. What is g(v)?
-11
Let m(s) = -s**3 - 5*s**2 - 7*s - 6. Let k(j) = j**2 - j. Let o be k(3). Let h(i) = -i**3 + 6*i**2 + i - 3. Let r be h(o). Suppose f + 16 = -r*f. What is m(f)?
6
Suppose 33 + 45 = 6*h. Let c(y) = -y**2 + 14*y - 12. Determine c(h).
1
Let j be 16/(-2) + (-6)/(-3). Let r(a) = -a. Let h(g) = -5*g**2 - 6*g + 1. Let y(u) = j*r(u) + h(u). Suppose 0 = -v + 3, 0*d + 4*d - 3*v = -5. Give y(d).
-4
Let d(p) = -2*p - 5. Let x(a) be the first derivative of a**4/4 - 5*a**3/3 - 7*a**2/2 + a + 2. Let f be x(6). Let h be 22/f + (-4)/(-10). Give d(h).
3
Let s = -2 + 5. Let j(c) be the third derivative of 1/2*c**3 + 0*c**4 - 1/60*c**5 + 0 - s*c**2 + 0*c. Give j(3).
-6
Let n(r) = -2*r**3 - 3*r**2 - 2*r + 2. Suppose -2*s + 6*s - 8 = 0. Suppose 0 = s*c + 6 - 2. Give n(c).
10
Suppose -2*k - d + 2 = 0, -2*d + 0 = 4. Let s(x) = x - 2. What is s(k)?
0
Let b(x) = -2 - 3*x - 2*x**2 + x**2 + 0 + 2*x. Give b(0).
-2
Let m(v) = 2*v**2 - 8*v + 5. Let g be m(5). Suppose -2*d - 3*d + g = 0. Let p(n) = -n**2 + 3*n - 1. Give p(d).
-1
Let f be (5/(-5))/(1/(-2)). Let s(k) = 2*k**3 - 2*k**f - 2 + 3*k - 3*k**3 + 2*k**2 - 3*k**2. What is s(-3)?
-11
Let d(f) = f**3 + 2*f**2 - f - 1. Suppose 2*m = -x - 4 - 0, 2*x - 2*m = 16. Let j be (-3)/12 + (-11)/x. Calculate d(j).
-7
Suppose 7 = -7*z + 49. Let y(n) = 2*n - 8. What is y(z)?
4
Let u(l) = -4*l**3 + 30*l - 35*l + 5*l**3 + 3*l**2 - 3 - 2. Give u(-4).
-1
Let y(k) be the second derivative of -3*k**3/2 + 2*k. Determine y(2).
-18
Suppose 3*s + 0*s = 24. Let k be 1*s*(-1)/(-2). Suppose 6*z - k*z = -8. Let n(r) = r**2 + 3*r - 4. Give n(z).
0
Let p(k) = -2*k - 2. Let g(q) = -2*q - 3. Let l(s) = -5*g(s) + 4*p(s). What is l(-6)?
-5
Suppose 5 = 2*l + 1. Let m(k) be the third derivative of -k**4/24 - k**3/3 + 32*k**2 - 2*k. Calculate m(l).
-4
Let k(u) = 2*u**2 - 8*u - 11. Let n(h) = h + 5 - h**2 + 2*h + h. Let d(l) = -6*k(l) - 13*n(l). Let j = -2 + 7. Determine d(j).
6
Let m(z) = -z**3 + 8*z**2 + 9*z + 4. Let p be m(9). Let h(b) = -b**3 + 3*b**2 + 4*b + 2. Determine h(p).
2
Let s(b) = -b**3 + b**2 - b + 3. Let q(u) = u - 3. Let k be q(3). Let d be s(k). Let v(p) = -p + 4*p + p - 2*p - 2. Give v(d).
4
Let l be 2/3 - 5/3. Let t be 4*(0/2 - l). Let k(a) = a - 7. Let i(v) = 5*v - 36. Let w(f) = 2*i(f) - 11*k(f). What is w(t)?
1
Suppose -5 = -4*f - 25. L